{"id":611,"date":"2021-01-26T18:38:44","date_gmt":"2021-01-26T18:38:44","guid":{"rendered":"http:\/\/vestergaards.itkunde.dk\/?page_id=611"},"modified":"2022-11-27T20:06:43","modified_gmt":"2022-11-27T20:06:43","slug":"gelegenheiten","status":"publish","type":"page","link":"https:\/\/vestergaard-bb.dk\/index.php\/de\/gelegenheiten\/","title":{"rendered":"Was wir bieten"},"content":{"rendered":"\t\t<div data-elementor-type=\"wp-page\" data-elementor-id=\"611\" class=\"elementor elementor-611\" data-elementor-post-type=\"page\">\n\t\t\t\t\t\t<section class=\"elementor-section elementor-top-section elementor-element elementor-element-e6064b7 elementor-section-full_width elementor-section-height-min-height elementor-section-height-default elementor-section-items-middle\" data-id=\"e6064b7\" data-element_type=\"section\" data-e-type=\"section\">\n\t\t\t\t\t\t<div class=\"elementor-container elementor-column-gap-default\">\n\t\t\t\t\t<div class=\"elementor-column elementor-col-100 elementor-top-column elementor-element elementor-element-7d6bbac\" data-id=\"7d6bbac\" data-element_type=\"column\" data-e-type=\"column\" data-settings=\"{&quot;background_background&quot;:&quot;classic&quot;}\">\n\t\t\t<div class=\"elementor-widget-wrap elementor-element-populated\">\n\t\t\t\t\t\t<div class=\"elementor-element elementor-element-312b815 elementor-widget elementor-widget-spacer\" data-id=\"312b815\" data-element_type=\"widget\" data-e-type=\"widget\" data-widget_type=\"spacer.default\">\n\t\t\t\t<div class=\"elementor-widget-container\">\n\t\t\t\t\t\t\t<div class=\"elementor-spacer\">\n\t\t\t<div class=\"elementor-spacer-inner\"><\/div>\n\t\t<\/div>\n\t\t\t\t\t\t<\/div>\n\t\t\t\t<\/div>\n\t\t\t\t\t<\/div>\n\t\t<\/div>\n\t\t\t\t\t<\/div>\n\t\t<\/section>\n\t\t\t\t<section class=\"elementor-section elementor-top-section elementor-element elementor-element-0211f27 elementor-section-boxed elementor-section-height-default elementor-section-height-default\" data-id=\"0211f27\" data-element_type=\"section\" data-e-type=\"section\" data-settings=\"{&quot;background_background&quot;:&quot;classic&quot;}\">\n\t\t\t\t\t\t<div class=\"elementor-container elementor-column-gap-default\">\n\t\t\t\t\t<div class=\"elementor-column elementor-col-50 elementor-top-column elementor-element elementor-element-977840b\" data-id=\"977840b\" data-element_type=\"column\" data-e-type=\"column\">\n\t\t\t<div class=\"elementor-widget-wrap elementor-element-populated\">\n\t\t\t\t\t\t<div class=\"elementor-element elementor-element-bca3698 elementor-widget elementor-widget-heading\" data-id=\"bca3698\" data-element_type=\"widget\" data-e-type=\"widget\" data-widget_type=\"heading.default\">\n\t\t\t\t<div class=\"elementor-widget-container\">\n\t\t\t\t\t<h1 class=\"elementor-heading-title elementor-size-default\">Was wir bieten<\/h1>\t\t\t\t<\/div>\n\t\t\t\t<\/div>\n\t\t\t\t<div class=\"elementor-element elementor-element-348803b elementor-widget-divider--view-line elementor-widget elementor-widget-divider\" data-id=\"348803b\" data-element_type=\"widget\" data-e-type=\"widget\" data-widget_type=\"divider.default\">\n\t\t\t\t<div class=\"elementor-widget-container\">\n\t\t\t\t\t\t\t<div class=\"elementor-divider\">\n\t\t\t<span class=\"elementor-divider-separator\">\n\t\t\t\t\t\t<\/span>\n\t\t<\/div>\n\t\t\t\t\t\t<\/div>\n\t\t\t\t<\/div>\n\t\t\t\t<section class=\"elementor-section elementor-inner-section elementor-element elementor-element-69c3d24 animated-slow elementor-section-boxed elementor-section-height-default elementor-section-height-default elementor-invisible\" data-id=\"69c3d24\" data-element_type=\"section\" data-e-type=\"section\" data-settings=\"{&quot;animation&quot;:&quot;fadeInLeft&quot;}\">\n\t\t\t\t\t\t<div class=\"elementor-container elementor-column-gap-default\">\n\t\t\t\t\t<div class=\"elementor-column elementor-col-100 elementor-inner-column elementor-element elementor-element-08bbd6a\" data-id=\"08bbd6a\" data-element_type=\"column\" data-e-type=\"column\" data-settings=\"{&quot;background_background&quot;:&quot;classic&quot;}\">\n\t\t\t<div class=\"elementor-widget-wrap elementor-element-populated\">\n\t\t\t\t\t\t<div class=\"elementor-element elementor-element-265ec1b animated-slow elementor-widget elementor-widget-text-editor\" data-id=\"265ec1b\" data-element_type=\"widget\" data-e-type=\"widget\" data-settings=\"{&quot;_animation&quot;:&quot;none&quot;}\" data-widget_type=\"text-editor.default\">\n\t\t\t\t<div class=\"elementor-widget-container\">\n\t\t\t\t\t\t\t\t\t<p>In unserem Bed &amp; Breakfast haben Sie viele M\u00f6glichkeiten zu entspannen und die l\u00e4ndliche Umgebung zu genie\u00dfen.<br \/>Sie finden hier z.B. eine Aufenhaltsraum mit zwei Fernsehern, eine kleine K\u00fcche, zwei K\u00fchlschr\u00e4nke, Kaffeemaschine, Mikrowelle und Geschirr.<br \/>Wir haben selbstverst\u00e4ndlich auch Internetanschluss.<br \/>Au\u00dferdem eine \u00fcberdachteTerrasse mit Grill &#8211; alles zu Ihrer Verf\u00fcgung.<\/p><p>Tiere d\u00fcrfen nicht mitgebracht werden under Rauchen ist nur im Au\u00dfenbereich erlaubt.<br \/>Ankunft zwischen14-18 Uhr, wenn nichts anderes vereinbart ist.<\/p>\t\t\t\t\t\t\t\t<\/div>\n\t\t\t\t<\/div>\n\t\t\t\t\t<\/div>\n\t\t<\/div>\n\t\t\t\t\t<\/div>\n\t\t<\/section>\n\t\t\t\t<section class=\"elementor-section elementor-inner-section elementor-element elementor-element-1a2c9e3 elementor-section-boxed elementor-section-height-default elementor-section-height-default\" data-id=\"1a2c9e3\" data-element_type=\"section\" data-e-type=\"section\">\n\t\t\t\t\t\t<div class=\"elementor-container elementor-column-gap-default\">\n\t\t\t\t\t<div class=\"elementor-column elementor-col-100 elementor-inner-column elementor-element elementor-element-765714c\" data-id=\"765714c\" data-element_type=\"column\" data-e-type=\"column\">\n\t\t\t<div class=\"elementor-widget-wrap\">\n\t\t\t\t\t\t\t<\/div>\n\t\t<\/div>\n\t\t\t\t\t<\/div>\n\t\t<\/section>\n\t\t\t\t\t<\/div>\n\t\t<\/div>\n\t\t\t\t<div class=\"elementor-column elementor-col-50 elementor-top-column elementor-element elementor-element-6da9220 animated-slow\" data-id=\"6da9220\" data-element_type=\"column\" data-e-type=\"column\" data-settings=\"{&quot;animation&quot;:&quot;none&quot;}\">\n\t\t\t<div class=\"elementor-widget-wrap elementor-element-populated\">\n\t\t\t\t\t\t<div class=\"elementor-element elementor-element-ad3b78f elementor-arrows-position-inside elementor-widget elementor-widget-image-carousel\" data-id=\"ad3b78f\" data-element_type=\"widget\" data-e-type=\"widget\" data-settings=\"{&quot;slides_to_show&quot;:&quot;1&quot;,&quot;navigation&quot;:&quot;arrows&quot;,&quot;autoplay&quot;:&quot;no&quot;,&quot;infinite&quot;:&quot;yes&quot;,&quot;effect&quot;:&quot;slide&quot;,&quot;speed&quot;:500}\" data-widget_type=\"image-carousel.default\">\n\t\t\t\t<div class=\"elementor-widget-container\">\n\t\t\t\t\t\t\t<div class=\"elementor-image-carousel-wrapper swiper\" role=\"region\" aria-roledescription=\"carousel\" aria-label=\"Bild Karussell\" dir=\"ltr\">\n\t\t\t<div class=\"elementor-image-carousel swiper-wrapper swiper-image-stretch\" aria-live=\"polite\">\n\t\t\t\t\t\t\t\t<div class=\"swiper-slide\" role=\"group\" aria-roledescription=\"slide\" aria-label=\"1 von 6\"><a data-elementor-open-lightbox=\"yes\" data-elementor-lightbox-slideshow=\"ad3b78f\" data-elementor-lightbox-title=\"kokken-IMG_0802\" data-e-action-hash=\"#elementor-action%3Aaction%3Dlightbox%26settings%3DeyJpZCI6NjUsInVybCI6Imh0dHBzOlwvXC92ZXN0ZXJnYWFyZC1iYi5ka1wvd3AtY29udGVudFwvdXBsb2Fkc1wvMjAyMVwvMDFcL2tva2tlbi1JTUdfMDgwMi5qcGciLCJzbGlkZXNob3ciOiJhZDNiNzhmIn0%3D\" href=\"https:\/\/vestergaard-bb.dk\/wp-content\/uploads\/2021\/01\/kokken-IMG_0802.jpg\"><figure class=\"swiper-slide-inner\"><img decoding=\"async\" class=\"swiper-slide-image\" src=\"https:\/\/vestergaard-bb.dk\/wp-content\/uploads\/2021\/01\/kokken-IMG_0802.jpg\" alt=\"kokken-IMG_0802\" \/><\/figure><\/a><\/div><div class=\"swiper-slide\" role=\"group\" aria-roledescription=\"slide\" aria-label=\"2 von 6\"><a data-elementor-open-lightbox=\"yes\" data-elementor-lightbox-slideshow=\"ad3b78f\" data-elementor-lightbox-title=\"vaer-IMG_0814\" data-e-action-hash=\"#elementor-action%3Aaction%3Dlightbox%26settings%3DeyJpZCI6OTAsInVybCI6Imh0dHBzOlwvXC92ZXN0ZXJnYWFyZC1iYi5ka1wvd3AtY29udGVudFwvdXBsb2Fkc1wvMjAyMVwvMDFcL3ZhZXItSU1HXzA4MTQuanBnIiwic2xpZGVzaG93IjoiYWQzYjc4ZiJ9\" href=\"https:\/\/vestergaard-bb.dk\/wp-content\/uploads\/2021\/01\/vaer-IMG_0814.jpg\"><figure class=\"swiper-slide-inner\"><img decoding=\"async\" class=\"swiper-slide-image\" src=\"https:\/\/vestergaard-bb.dk\/wp-content\/uploads\/2021\/01\/vaer-IMG_0814.jpg\" alt=\"vaer-IMG_0814\" \/><\/figure><\/a><\/div><div class=\"swiper-slide\" role=\"group\" aria-roledescription=\"slide\" aria-label=\"3 von 6\"><a data-elementor-open-lightbox=\"yes\" data-elementor-lightbox-slideshow=\"ad3b78f\" data-elementor-lightbox-title=\"g\u00e5rdsplads2\" data-e-action-hash=\"#elementor-action%3Aaction%3Dlightbox%26settings%3DeyJpZCI6NTYsInVybCI6Imh0dHBzOlwvXC92ZXN0ZXJnYWFyZC1iYi5ka1wvd3AtY29udGVudFwvdXBsb2Fkc1wvMjAyMVwvMDFcL2dhYXJkc3BsYWRzMi5qcGciLCJzbGlkZXNob3ciOiJhZDNiNzhmIn0%3D\" href=\"https:\/\/vestergaard-bb.dk\/wp-content\/uploads\/2021\/01\/gaardsplads2.jpg\"><figure class=\"swiper-slide-inner\"><img decoding=\"async\" class=\"swiper-slide-image\" src=\"https:\/\/vestergaard-bb.dk\/wp-content\/uploads\/2021\/01\/gaardsplads2.jpg\" alt=\"g\u00e5rdsplads2\" \/><\/figure><\/a><\/div><div class=\"swiper-slide\" role=\"group\" aria-roledescription=\"slide\" aria-label=\"4 von 6\"><a data-elementor-open-lightbox=\"yes\" data-elementor-lightbox-slideshow=\"ad3b78f\" data-elementor-lightbox-title=\"vaer-IMG_0790\" data-e-action-hash=\"#elementor-action%3Aaction%3Dlightbox%26settings%3DeyJpZCI6ODYsInVybCI6Imh0dHBzOlwvXC92ZXN0ZXJnYWFyZC1iYi5ka1wvd3AtY29udGVudFwvdXBsb2Fkc1wvMjAyMVwvMDFcL3ZhZXItSU1HXzA3OTAuanBnIiwic2xpZGVzaG93IjoiYWQzYjc4ZiJ9\" href=\"https:\/\/vestergaard-bb.dk\/wp-content\/uploads\/2021\/01\/vaer-IMG_0790.jpg\"><figure class=\"swiper-slide-inner\"><img decoding=\"async\" class=\"swiper-slide-image\" src=\"https:\/\/vestergaard-bb.dk\/wp-content\/uploads\/2021\/01\/vaer-IMG_0790.jpg\" alt=\"vaer-IMG_0790\" \/><\/figure><\/a><\/div><div class=\"swiper-slide\" role=\"group\" aria-roledescription=\"slide\" aria-label=\"5 von 6\"><a data-elementor-open-lightbox=\"yes\" data-elementor-lightbox-slideshow=\"ad3b78f\" data-elementor-lightbox-title=\"-img_0024\" data-e-action-hash=\"#elementor-action%3Aaction%3Dlightbox%26settings%3DeyJpZCI6NDExLCJ1cmwiOiJodHRwczpcL1wvdmVzdGVyZ2FhcmQtYmIuZGtcL3dwLWNvbnRlbnRcL3VwbG9hZHNcLzIwMjFcLzAxXC9pbWdfMDAyNC5qcGciLCJzbGlkZXNob3ciOiJhZDNiNzhmIn0%3D\" href=\"https:\/\/vestergaard-bb.dk\/wp-content\/uploads\/2021\/01\/img_0024.jpg\"><figure class=\"swiper-slide-inner\"><img decoding=\"async\" class=\"swiper-slide-image\" src=\"https:\/\/vestergaard-bb.dk\/wp-content\/uploads\/2021\/01\/img_0024.jpg\" alt=\"-img_0024\" \/><\/figure><\/a><\/div><div class=\"swiper-slide\" role=\"group\" aria-roledescription=\"slide\" aria-label=\"6 von 6\"><a data-elementor-open-lightbox=\"yes\" data-elementor-lightbox-slideshow=\"ad3b78f\" data-elementor-lightbox-title=\"-img_0153\" data-e-action-hash=\"#elementor-action%3Aaction%3Dlightbox%26settings%3DeyJpZCI6NDEyLCJ1cmwiOiJodHRwczpcL1wvdmVzdGVyZ2FhcmQtYmIuZGtcL3dwLWNvbnRlbnRcL3VwbG9hZHNcLzIwMjFcLzAxXC9pbWdfMDE1My5qcGciLCJzbGlkZXNob3ciOiJhZDNiNzhmIn0%3D\" href=\"https:\/\/vestergaard-bb.dk\/wp-content\/uploads\/2021\/01\/img_0153.jpg\"><figure class=\"swiper-slide-inner\"><img decoding=\"async\" class=\"swiper-slide-image\" src=\"https:\/\/vestergaard-bb.dk\/wp-content\/uploads\/2021\/01\/img_0153.jpg\" alt=\"-img_0153\" \/><\/figure><\/a><\/div>\t\t\t<\/div>\n\t\t\t\t\t\t\t\t\t\t\t\t<div class=\"elementor-swiper-button elementor-swiper-button-prev\" role=\"button\" tabindex=\"0\">\n\t\t\t\t\t\t<i aria-hidden=\"true\" class=\"eicon-chevron-left\"><\/i>\t\t\t\t\t<\/div>\n\t\t\t\t\t<div class=\"elementor-swiper-button elementor-swiper-button-next\" role=\"button\" tabindex=\"0\">\n\t\t\t\t\t\t<i aria-hidden=\"true\" class=\"eicon-chevron-right\"><\/i>\t\t\t\t\t<\/div>\n\t\t\t\t\n\t\t\t\t\t\t\t\t\t<\/div>\n\t\t\t\t\t\t<\/div>\n\t\t\t\t<\/div>\n\t\t\t\t<div class=\"elementor-element elementor-element-c38a3e2 elementor-share-buttons--view-icon-text elementor-share-buttons--skin-gradient elementor-share-buttons--shape-square elementor-grid-0 elementor-share-buttons--color-official elementor-widget elementor-widget-share-buttons\" data-id=\"c38a3e2\" data-element_type=\"widget\" data-e-type=\"widget\" data-widget_type=\"share-buttons.default\">\n\t\t\t\t<div class=\"elementor-widget-container\">\n\t\t\t\t\t\t\t<div class=\"elementor-grid\">\n\t\t\t\t\t\t\t\t<div class=\"elementor-grid-item\">\n\t\t\t\t\t\t<div class=\"elementor-share-btn elementor-share-btn_facebook\" role=\"button\" tabindex=\"0\" aria-label=\"Teilen auf facebook\">\n\t\t\t\t\t\t\t\t\t\t\t\t\t\t\t<span class=\"elementor-share-btn__icon\">\n\t\t\t\t\t\t\t\t<i class=\"fab fa-facebook\" aria-hidden=\"true\"><\/i>\t\t\t\t\t\t\t<\/span>\n\t\t\t\t\t\t\t\t\t\t\t\t\t\t\t\t\t\t\t\t<\/div>\n\t\t\t\t\t<\/div>\n\t\t\t\t\t\t<\/div>\n\t\t\t\t\t\t<\/div>\n\t\t\t\t<\/div>\n\t\t\t\t\t<\/div>\n\t\t<\/div>\n\t\t\t\t\t<\/div>\n\t\t<\/section>\n\t\t\t\t<\/div>\n\t\t","protected":false},"excerpt":{"rendered":"<p>Was wir bieten In unserem Bed &amp; Breakfast haben Sie viele M\u00f6glichkeiten zu entspannen und die l\u00e4ndliche Umgebung zu genie\u00dfen. Sie finden hier z.B. eine Aufenhaltsraum mit zwei Fernsehern, eine kleine K\u00fcche, zwei K\u00fchlschr\u00e4nke, Kaffeemaschine, Mikrowelle und Geschirr. Wir haben selbstverst\u00e4ndlich auch Internetanschluss. Au\u00dferdem eine \u00fcberdachteTerrasse mit Grill &#8211; alles zu Ihrer Verf\u00fcgung. Tiere d\u00fcrfen [&hellip;]<\/p>\n","protected":false},"author":1,"featured_media":0,"parent":0,"menu_order":0,"comment_status":"closed","ping_status":"closed","template":"elementor_header_footer","meta":{"footnotes":""},"class_list":["post-611","page","type-page","status-publish","hentry"],"_links":{"self":[{"href":"https:\/\/vestergaard-bb.dk\/index.php\/wp-json\/wp\/v2\/pages\/611","targetHints":{"allow":["GET"]}}],"collection":[{"href":"https:\/\/vestergaard-bb.dk\/index.php\/wp-json\/wp\/v2\/pages"}],"about":[{"href":"https:\/\/vestergaard-bb.dk\/index.php\/wp-json\/wp\/v2\/types\/page"}],"author":[{"embeddable":true,"href":"https:\/\/vestergaard-bb.dk\/index.php\/wp-json\/wp\/v2\/users\/1"}],"replies":[{"embeddable":true,"href":"https:\/\/vestergaard-bb.dk\/index.php\/wp-json\/wp\/v2\/comments?post=611"}],"version-history":[{"count":20,"href":"https:\/\/vestergaard-bb.dk\/index.php\/wp-json\/wp\/v2\/pages\/611\/revisions"}],"predecessor-version":[{"id":1445,"href":"https:\/\/vestergaard-bb.dk\/index.php\/wp-json\/wp\/v2\/pages\/611\/revisions\/1445"}],"wp:attachment":[{"href":"https:\/\/vestergaard-bb.dk\/index.php\/wp-json\/wp\/v2\/media?parent=611"}],"curies":[{"name":"wp","href":"https:\/\/api.w.org\/{rel}","templated":true}]}}